{"id":180,"date":"2025-10-29T20:53:03","date_gmt":"2025-10-29T20:53:03","guid":{"rendered":"https:\/\/lecercledesaventuriers.fr\/?page_id=180"},"modified":"2025-10-31T10:32:59","modified_gmt":"2025-10-31T10:32:59","slug":"nous-rejoindre","status":"publish","type":"page","link":"https:\/\/lecercledesaventuriers.fr\/index.php\/nous-rejoindre\/","title":{"rendered":"Nous rejoindre"},"content":{"rendered":"\n<p>Afin de finaliser votre inscription, merci de nous retourner le dossier compl\u00e9t\u00e9, accompagn\u00e9 des documents suivants :<\/p>\n\n\n\n<ul class=\"wp-block-list\">\n<li>Une <strong>attestation de r\u00e9ussite PSC<\/strong> ou une <strong>copie de votre carte SST de moins d\u2019un an<\/strong>.<br>\u00c0 d\u00e9faut, vous vous engagez \u00e0 obtenir l\u2019une de ces certifications <strong>dans les 6 mois suivant votre inscription<\/strong>.<\/li>\n\n\n\n<li>Un <strong>certificat m\u00e9dical de non contre-indication aux activit\u00e9s outdoor<\/strong>, datant de <strong>moins de 3 mois<\/strong>.<\/li>\n<\/ul>\n\n\n\n<p>L\u2019ensemble est \u00e0 envoyer par voie postale \u00e0 l\u2019adresse suivante :<\/p>\n\n\n\n<p><strong>Le Cercle des Aventuriers<\/strong><br>4 Square Hector Malot<br>92350 Le Plessis-Robinson<\/p>\n\n\n\n<div data-wp-interactive=\"core\/file\" class=\"wp-block-file\"><object data-wp-bind--hidden=\"!state.hasPdfPreview\" hidden class=\"wp-block-file__embed\" data=\"https:\/\/lecercledesaventuriers.fr\/wp-content\/uploads\/2025\/10\/Bulletin-dadhesion-a-lassociation.pdf\" type=\"application\/pdf\" style=\"width:100%;height:600px\" aria-label=\"Contenu embarqu\u00e9 Bulletin d\u2019adhe\u0301sion a\u0300 l\u2019association.\"><\/object><a id=\"wp-block-file--media-9884ff2e-3bd7-4b2a-8767-82c7931b10de\" href=\"https:\/\/lecercledesaventuriers.fr\/wp-content\/uploads\/2025\/10\/Bulletin-dadhesion-a-lassociation.pdf\">Bulletin d\u2019adhe\u0301sion a\u0300 l\u2019association<\/a><a href=\"https:\/\/lecercledesaventuriers.fr\/wp-content\/uploads\/2025\/10\/Bulletin-dadhesion-a-lassociation.pdf\" class=\"wp-block-file__button wp-element-button\" download aria-describedby=\"wp-block-file--media-9884ff2e-3bd7-4b2a-8767-82c7931b10de\">T\u00e9l\u00e9charger<\/a><\/div>\n","protected":false},"excerpt":{"rendered":"<p>Afin de finaliser votre inscription, merci de nous retourner le dossier compl\u00e9t\u00e9, accompagn\u00e9 des documents suivants : L\u2019ensemble est \u00e0 envoyer par voie postale \u00e0 l\u2019adresse suivante : Le Cercle des Aventuriers4 Square Hector Malot92350 Le Plessis-Robinson<\/p>\n","protected":false},"author":1,"featured_media":0,"parent":0,"menu_order":0,"comment_status":"closed","ping_status":"closed","template":"","meta":{"footnotes":""},"class_list":["post-180","page","type-page","status-publish","hentry"],"jetpack_sharing_enabled":true,"_links":{"self":[{"href":"https:\/\/lecercledesaventuriers.fr\/index.php\/wp-json\/wp\/v2\/pages\/180","targetHints":{"allow":["GET"]}}],"collection":[{"href":"https:\/\/lecercledesaventuriers.fr\/index.php\/wp-json\/wp\/v2\/pages"}],"about":[{"href":"https:\/\/lecercledesaventuriers.fr\/index.php\/wp-json\/wp\/v2\/types\/page"}],"author":[{"embeddable":true,"href":"https:\/\/lecercledesaventuriers.fr\/index.php\/wp-json\/wp\/v2\/users\/1"}],"replies":[{"embeddable":true,"href":"https:\/\/lecercledesaventuriers.fr\/index.php\/wp-json\/wp\/v2\/comments?post=180"}],"version-history":[{"count":3,"href":"https:\/\/lecercledesaventuriers.fr\/index.php\/wp-json\/wp\/v2\/pages\/180\/revisions"}],"predecessor-version":[{"id":269,"href":"https:\/\/lecercledesaventuriers.fr\/index.php\/wp-json\/wp\/v2\/pages\/180\/revisions\/269"}],"wp:attachment":[{"href":"https:\/\/lecercledesaventuriers.fr\/index.php\/wp-json\/wp\/v2\/media?parent=180"}],"curies":[{"name":"wp","href":"https:\/\/api.w.org\/{rel}","templated":true}]}}